
-8
Calculate 8 - 15 - (-51 - (-51 + 10)).
3
3 + 81 + (-10 - (-36 + (1 - -14)))
95
What is 14 - -4 - 7 - (15 + 6)?
-10
What is -5 + -43 + (8 + (-12 - -15) - (0 - -8))?
-45
Evaluate 88 - ((-91 - -299) + -103).
-17
Evaluate -5 - -20 - -35 - 5.
45
Calculate (-15 - -14) + 0 + -1 + -19.
-21
What is the value of -22 - (107 - 122 - 7)?
0
Calculate -17 + 2 + -3 + -314 + 302.
-30
What is 38 + 2 + (-48 - (-48 + 12))?
28
What is the value of -15 + -11 - -45 - (-5 - 62)?
86
Evaluate -6 + 13 + -11 + (11 + -11 - -1 - -3).
0
Evaluate 0 + -1 + -1 - (-53 - (-127 - -70)).
-6
-30 - (1767 - 1765 - (8 - (-2 - -2)))
-24
Calculate (-99 - 0) + -8219 + 8393.
75
Evaluate -1 + 47 + (692 + -685 - (4 - -9)).
40
(-2 + (-30 - 1) - (983 - 987)) + -15
-44
4 - (0 - -5 - (3 - -1 - (33 + -5)))
-25
What is the value of 3 - (38 + (4 - (0 - 2)) + -1 - 6)?
-34
0 - 24 - (-21 + -74 + 107)
-36
Evaluate 9 - (4 - (-22 - -43)) - -20.
46
4715 + -4730 + (-1 - (-2 + -43))
29
What is (-14 + 1 - 0) + (-1758 - -1813) + -7?
35
Evaluate (-31 - -16) + 0 + 20 + 3 + -12 - 21.
-25
What is the value of -58 + 2 - (65 - 116)?
-5
What is the value of (148 - 153) + 0 + 27 + -23?
-1
What is -11 - (33 + 0 + 0 - (2 + 4))?
-38
18 + -19 + 106 + -1 + -35
69
Evaluate 9054 - 9152 - (2 + -39).
-61
What is -185 - (-142 + 8 + 26)?
-77
What is the value of (-56 - -9) + 39 - 41?
-49
Evaluate -20461 - -20437 - (-133 - -1).
108
What is 23 + (9 - 16 - 71) + -25?
-80
Calculate 13 + (-7 + -28 - -28) - 62.
-56
What is the value of -28 - (-36 - 13 - 34)?
55
Evaluate -53 - (-98 - (7 + -92)).
-40
Evaluate -6 + (-23 - (-32 + -3)) + -35.
-29
What is 58 + -45 - (23 - (150 - 159 - (-7 - 0)))?
-12
What is the value of (2 - (-2 - (-11 - -9))) + 8 - (73 + -8)?
-55
Calculate -68 + (9 - 38 - -30 - -18).
-49
5 + (4 - 3) - ((51 - 151) + -2 + -14)
122
1 + (17 - 24) - (1 + 8 + -17)
2
Evaluate (12 - 17) + -20 + -21.
-46
What is the value of -7 + 20 - (8 - 23)?
28
What is the value of -30 + (17 - -18 - 35 - -64)?
34
What is the value of (90 - 24) + (8 + -2 - 12 - 5) - -13?
68
(63 - 61) + 9 - -10
21
What is 36 - -84 - (129 + -62)?
53
-88 + (127 - 37) - (5 + 1 + -1) - -55
52
93 + -37 + -82 + -3
-29
Calculate -16 - ((77 - (-1 + 98)) + 47 + 1).
-44
Calculate (-29 - 4) + 320 + -240.
47
-75 + 1 + -452 + 501
-25
-101 + (72 - (33 - 2))
-60
2 + (18 - ((4 - -69) + 18)) - 11
-82
Calculate 45 + -4 + 2 + (-98 - (-11 - 73)).
29
What is the value of (153 + -157 - (1 + (-4 - -3))) + 33?
29
What is -2530 - -2465 - (-1 + -2)?
-62
(-50 - 2) + (48 - 12) + -21
-37
4 + -2 + 0 - ((4 - 75) + 111)
-38
Evaluate -2 + 15 + -5 + -16 - (-22 - (-6 + 0)).
8
Calculate -1 + (-2 + 91 - (0 - -4)) + (-1326 - -1335).
93
What is (-272 - -200) + 202 - (0 - (0 - -2))?
132
What is -50 + 79 + (-23 - 17) + -84?
-95
What is the value of 31 - (1 - ((44 - 85) + 65))?
54
What is the value of (-2 - -18) + -7 + -102 + -3 - (19 - 18)?
-97
What is the value of -60 + (27 - -2) + (6 - (15 - 4))?
-36
Calculate 7 - ((-1 - 4) + (118 - 105) + -7) - 31.
-25
Evaluate (3 - 15) + -133 + 136 + -9.
-18
(-1 - -72) + -673 + 623
21
What is -172 + 41 - -85 - -97?
51
What is -6 - (13 + (-80 - (19 - 53)))?
27
What is the value of 13 + -23 + 11 + 5 + (-2 - -10)?
14
What is the value of -91 - (-91 - -121) - -64?
-57
-90 + (-97 - -169) + (-15 - -1)
-32
Evaluate -1 + (-19 - -1) - ((834 - 48) + -795).
-10
What is the value of 210 - 97 - (-14 + 7 + -1 + -12 - -5)?
128
Evaluate (0 - ((-19 - -112) + -26)) + 0 + 6.
-61
What is the value of (-79 - -35 - 37 - -25) + (4 - 0)?
-52
What is the value of -27 + (31 + 0 - 0) - -5?
9
What is 14 + 3 + -9 + 9 + -31?
-14
-1 - (-1 - (-11 - 2) - (-2163 + 2049))
-127
What is -7 + (-92 - (0 + (-25 - (-18 + 11))))?
-81
-7 + (-9 + -5 - -74) + 9
62
Evaluate -18 - (19 + (-25 - -31)).
-43
Calculate 12 + -6 + 10 + 13 + -23.
6
-34 + 27 + -4 - (-25 + 39)
-25
Calculate 1 + 22 + (-91 - -42 - -59).
33
What is the value of 124 + -64 + -4 + -43?
13
What is the value of (479 - 345) + 12 + -190?
-44
What is 28 - 1 - (16 - -24)?
-13
What is the value of (-1 - -14 - (175 - 183)) + -18?
3
What is the value of 54 + (4 - -57 - 86)?
29
(-29 - (7 - 63)) + -12 - (6 - 2 - 2)
13
-88 - -117 - (25 - 3) - 5
2
(23 - 58) + 18 - -11
-6
Calculate -13 + 1 - (37 + (-17 - (-6 + -9))).
-47
Calculate 6 + 22 - ((-8 - 11) + 17).
30
What is -21 + (0 - (1 - 2)) + -105 + (132 - 30)?
-23
What is the value of -69 - -28 - -33 - ((21 - 6) + -174)?
151
What is 189 + 125 + -97 + -108?
109
32 + (-28 - 45 - -49)
8
What is the value of 18 + -29 + 49 + 0 + 11 + -12?
37
Evaluate (10 - 6 - 65) + (-1609 - -1595).
-75
What is the value of (0 + -45 - (13 - 13)) + 12?
-33
75 + 2 + (-6 - -9) + -5 + (-76 - -84)
83
Calculate 1 + 24 - (72 + (-59 - 2)) - 83.
-69
Evaluate -1 + 3 - 5 - (531 + -550) - -6.
22
-19 + 1 - (-542 - -522)
2
40 - 157 - (33 + -80)
-70
Evaluate 92 - 3 - (9 - ((-6 - -14) + -14 - -16)).
90
Calculate -9 - (2 + -35 - (-430 + 418)).
12
What is the value of (-19 - (6 - 51) - 27) + 112?
111
Calculate (82 - (83 - 79)) + -128.
-50
Calculate 17 + (7 - -46 - 174).
-104
Evaluate (28 - 2) + (-92 - (-26 - 48)).
8
7 + 0 - (-15 + 3 + 3 + -2 - -61)
-43
Calculate 5 + (-22 - -51) - 32 - (1 - 5).
6
(-5 + -26 - -13 - -6) + 0
-12
Calculate 6 + 54 + (-2 - 1) + -6 - 13.
38
Evaluate (44 - 20) + -25 - (-9 + 3 - -4 - -2).
-1
What is -15 + (33 - 11 - -5 - -50)?
62
What is 4 - (2 - 2) - (1 + -4) - (204 + -161)?
-36
27 - (13 - 7 - 8) - (-233 + 238)
24
What is (4 - (2 - -5)) + 5 + (3 - -31)?
36
Evaluate 15 - (-65 + 55 + 26 + 0 + 40).
-41
What is the value of -1012 + 1023 + 3 + -3?
11
Calculate (2 - 27) + (-9 - (7 - 6 - 0)) + 21.
-14
(-93 + 40 - 15) + (10 + -5 - -6)
-57
Evaluate -1 + -2 + 44 + (33 - 81) + 50.
43
What is 2 + 31 + (-5 - (9 + -4))?
23
Calculate 0 + 54 + (-15 - (33 + -30)).
36
Calculate 18 - (-1 + 2) - (-67 + -29 + 43).
70
Calculate -79 - (-16 + 1 - (416 - 429)) - -16.
-61
(2 + 33 - 0) + -1 + (5 + -73 - -60)
26
Evaluate (48 - -2) + (-14983 - -14918).
-15
Evaluate 15 + 5 + -5 - (35 + -69 - -50).
-1
Calculate 30 - (21 + -19 + 2 - -17).
9
What is the value of -8 + -6 - (-18 + 27 + -7) - 10?
-26
What is (-30 - -1) + -1640 + 1607?
-62
What is the value of 6 - -19 - (27 + -2 + 276 + -311)?
35
What is (-94 - -146 - 58) + (40 - 1)?
33
Evaluate 32 + -32 - (128 + -197 - (-11 + 1)).
59
Evaluate (2 - -21) + (-5818 - -5752).
-43
What is the value of 18 + 0 + (-33 - -48 - 35)?
-2
What is 0 + (-10 - 1) + 28?
17
What is 32 - (15 - (-18 - -25)) - (-10 + -1)?
35
Evaluate -1 + 17 - (22 - (30 + -18 - 3)).
3
What is the value of 79 - (25 - (12 - -5) - (25 + -19))?
77
Evaluate 47 - (42 + -37 + 27).
15
-1 - -53 - (-543 + 563 - (4 + (26 - 4)))
58
-67 + 147 - (-23 + -5 + 63)
45
What is the value of (-1 - 0) + 2 - (-229 + 203)?
27
Evaluate -4 + 57 - 33 - (-14 + 4 + (-4 - -3)).
31
What is the value of -36 + (2 - (-12 + -31))?
9
-19 + (-20 - -23) + (15 - -2)
1
-21 + (62 - (2 - (-22 - 8)))
9
Evaluate 412 + -426 - (0 + 26 - (1 - -4)).
-35
Evaluate (56 + -8 - (57 + -28) - (-6 + 0)) + -9.
16
What is the value of 2 + -4 - (-9 + -1) - (208 + -73 + -59)?
-68
What is -3 - -3 - (-43 + (124 - 65))?
-16
9 + ((6 - 2) + -23 - (198 - 220))
12
Evaluate (-1 - -64) + (75 - 171).
-33
Evaluate 34900 - 34891 - (-11 + (-1 - -1) - -1).
19
2 + (2 - 3) + 3 + (-1317 - -1334)
21
28 + (-33 - 27) - -48
16
Evaluate (22 + -75 + 31 - -16) + -2.
-8
What is -23 + 2 + 21 + 0 + 9?
9
What is the value of 41 - (6 - (-29 - -14)) - 72?
-52
(48 - 65) + 15 + 1
-1
Calculate 14 + (-27 - (14 + (-9 - 25))) + -64.
-57
What is (-673 - -714) + 3 + -113?
-69
-119 + 41 + -1 + -14 + 31 + 0
-62
What is 1 - (101 - 129 - 77)?
106
What is the value of -25 + (-31 + -12 - -48)?
-20
-41 - (-128 + -30 + 58)
59
Evaluate -13 - (-77 + 54) - (2 + 4 + -27).
31
(-7 - -3) + (-164 + 195 - (1 + 48))
-22
What is the value of -53 + (31 - -57) - (-23 + 3)?
55
Evaluate -32 - -26 - (30 - (2 - -11)) - -140.
117
What is the value of 1 - -56 - (-52 - -74)?
35
What is the value of 297 + -278 + (0 - 49)?
-30
(18 - -46) + 22 + -60
26
What is -18 + (2 - -6) - (59 - -1)?
-70
What is 113 + (-2 - (13 + -17 - -17)) + 13?
111
What is 196 - -2 - (-723 + 836)?
85
What is (-109 - (-192 + 44)) + (-3 - 24)?
12
Evaluate (-21 - (-3 + 12 + -35)) + 3 + -49.
-41
What is -14 - (2 + -3) - (34 + -15 + -32)?
0
34 - (-59 + 35 + 73)
-15
What is the value of 5 + -11 -